46)/(-69) + (8/(-6) - -1). Suppose -3*a + g = 2*b, 7*b - 5*b - 2*a - 172 = 0. Is b a composite number?
True
Let u(h) = -875*h - 20. Let o be (6/(-4))/((-12)/(-24)). Is u(o) prime?
False
Let a = 692 + 862. Let o = 3715 - a. Is o prime?
True
Is (1/3)/(((-8)/(-666321))/8) a composite number?
False
Let z(q) be the third derivative of 3*q**4 - 95*q**3/6 - q**2 - 123. Is z(16) prime?
False
Let v(m) = -3*m**3 + 7*m - 78. Let r be v(-20). Let h = r + -12389. Is h composite?
False
Let z be 2187*-3*(-3)/9*1. Suppose -z = -8*o + 1981. Is o a composite number?
False
Suppose 3*c - 629 = 5*g, -c + 73 + 136 = -2*g. Suppose 1732 + 92 = 4*q. Suppose q + c = 3*w. Is w a prime number?
True
Let c(n) = -812*n - 4. Let j be c(34). Is 17/((-102)/j) - -1 composite?
False
Let z = -7296 + 10794. Is z - 0 - 133/(-19) a composite number?
True
Let u(i) = -359*i + 72997. Is u(0) a composite number?
False
Suppose 5*p - 2*p - 12 = 0. Let j = 10348 + -10072. Suppose 2*o + 3*i + j = 9830, -p*i - 19148 = -4*o. Is o composite?
False
Suppose -1 + 3 = 2*u. Let f be (0 - u)/(32/12 - 3). Suppose -22 = -f*n + 200. Is n a composite number?
True
Suppose -36*o + 608372 + 3041382 + 833290 = 0. Is o a prime number?
True
Let a(i) = 46*i - 137. Let t = -222 - -261. Is a(t) prime?
True
Let j = 172504 + -115893. Is j prime?
True
Let x(b) be the second derivative of b**5/10 - 7*b**4/3 - b**3 - 7*b**2 - 53*b. Is x(16) composite?
True
Suppose 9*m = m + 108152. Suppose 5*r - m - 3276 = 0. Is r composite?
False
Let k(q) = 1571313*q - 46. Is k(1) prime?
True
Let d = 1878 - 1873. Suppose 2*h - 28 = 116. Is -1 + (h - d) + 1 composite?
False
Let z = -272985 - -621836. Is z prime?
True
Suppose -3*v - 15 = -0, d = -3*v - 13. Let s be 0/(17/5 - d/5). Suppose -2*g + 10*g - 7304 = s. Is g composite?
True
Let j = 2184 - 7220. Let g be (j + 2 + -2)/1. Is (-6)/4*g/6 a prime number?
True
Suppose z = -3*j + 3054656, 1912*j + 5091099 = 1917*j - 4*z. Is j prime?
False
Let o(w) = 180*w**3 + 21*w**2 - 9*w - 11. Is o(13) prime?
False
Suppose -p = -2*x - 3*p + 14, -4*p = 3*x - 26. Let l(d) = 6 + 46*d + x*d + 6*d + 59*d. Is l(7) a prime number?
True
Let m be ((-46014)/8)/((-132)/704). Suppose w = 3*b + 7669, -4*w + 0*b + m = 3*b. Is w composite?
False
Suppose 3*j - 229548 = 5538711. Is j a composite number?
True
Suppose 4*u - 227 = -5*m + 54, 5*u = -3*m + 166. Let d = m + 58. Is d a composite number?
True
Let j = 938255 - 132454. Is j composite?
True
Is 1136555/45 - (-30)/135 a composite number?
True
Let m = 547 + -546. Suppose 9497 + 6687 = 2*d. Suppose -n + m - 3 = 0, 4*w - 4*n = d. Is w prime?
False
Suppose -5*t = -78*g + 80*g - 413091, -4*t = -2*g + 413082. Is g prime?
True
Let h = -38821 - -74132. Suppose -5*v + q + 35317 = 0, 5*v + q + q = h. Is v prime?
False
Let r = 4517 + 11052. Is r a prime number?
True
Let w = -169 + 173. Suppose 0 = 2*a - 2*d - 23270, -5*a - 5*d + w*d + 58163 = 0. Is a prime?
True
Let g(r) = -1519679*r + 1136. Is g(-1) a composite number?
True
Is 698343667/2612 + (1 - ((-7)/(-4) - 2)) prime?
False
Let c(p) = p**3 - 11*p**2 - 43*p - 21 - 21 + 32*p. Let i be c(23). Suppose -5*b = -4 - 1, -4*x = b - i. Is x a composite number?
True
Let z be (-8)/28 - (-16890)/70. Suppose 0 = 4*j + 5*u - 9272, 2*j = -3*u + z + 4393. Is j prime?
False
Let c = -4 - -4. Suppose c = 2*r - 3*r + 10. Let d = r - -24. Is d prime?
False
Suppose -4*b = 5*u - 708159, -1072301 = -5*b + 3*u - 187093. Is b a composite number?
True
Suppose 0 = -18*j + 15*j + 6. Suppose 0 = q + j*q. Suppose -m + 2*m - 697 = q. Is m composite?
True
Suppose 5*i = 5*y + 3690, 72*i = 74*i + 4*y - 1488. Let t = 1441 - i. Is t prime?
True
Let s(f) = -24663*f + 1729. Is s(-56) prime?
False
Let p = 207 + 2168. Let a = p + -1604. Is a composite?
True
Let p be (10412/12 + 1)*3. Let t be p*(-2 - -3) + 4 + -1. Suppose -3*f - 2*f - y = -t, -5*y + 20 = 0. Is f a composite number?
False
Let c(v) = 89*v**2 - 2*v + 16. Let m be c(3). Suppose 4*n = 4*b - 10276, -b + m = n - 1768. Suppose -2*o + b = -2588. Is o a prime number?
False
Let t(q) = q**2 + 10*q + 9. Let w be t(-9). Suppose w = -4*m + 17154 + 3114. Let d = -3022 + m. Is d a prime number?
False
Suppose 14763 = -4*v + 3*k - 2614, v + 5*k = -4350. Let z = v + 8106. Is z prime?
True
Let m(i) = -47*i - 57. Let z(d) = -31*d - 38. Let q(l) = 5*m(l) - 8*z(l). Let u = 87 - 77. Is q(u) a composite number?
False
Is 29235483/630*7 + (-66)/(-20) + -3 prime?
True
Let h(j) = -2491*j + 79. Is h(-10) composite?
False
Suppose 2*o + 15*o + 2466951 = 15222238. Is o a prime number?
True
Let c = 32 - -878. Suppose -2288 - 358 = -2*p. Suppose -7*z + p = -c. Is z composite?
True
Suppose 16723 = 5*p + 2*n - 15890, -5*n = -20. Is p prime?
True
Let b(a) = 14*a + 84. Let h be b(-6). Suppose -5*j = -p - 14164, h = -2*p + 23 - 21. Is j prime?
True
Suppose -z - 51*w = -49*w - 1667, -6698 = -4*z + 2*w. Is z composite?
True
Let y(d) = 8*d**2 + 5*d. Let u be y(-1). Suppose 0 = -5*x - 5*v + 3320, x - 362 - 296 = -u*v. Is x a composite number?
True
Is 5*(-32)/(-20) + 5561 a composite number?
False
Suppose -28423301 + 3053905 = -52*q. Is q prime?
True
Suppose 28*y - 3890494 = 2148238. Is y prime?
False
Let r = -2576 + 4497. Is r a prime number?
False
Let t(m) = 38*m**2 + 4*m + 4. Let d be t(-5). Suppose -8*k + 10 = -14. Suppose -5*n = -k*n - d. Is n a prime number?
True
Suppose 3*u + 41 = 4*x, 0 = 2*x - u - 0*u - 19. Suppose -3*h - 12 = -7*h. Suppose x*s - h*s = 1265. Is s composite?
True
Suppose 0 = g + 4*r - 42259, 84*g - 83*g - 42265 = 2*r. Is g prime?
False
Is 1 + -1 - (-56965935)/(-260)*(-4)/3 a composite number?
False
Let x = 143247 - -13016. Is x composite?
True
Let c(l) = 2*l - 1. Let d be c(6). Let n be 2/d - 559482/(-121). Suppose 0 = -4*p + 5*u + n, -6*u = -2*p - 4*u + 2310. Is p composite?
False
Suppose -9800 + 39896 = 16*t. Suppose h = 3*k + 554, 4*h - t - 295 = 2*k. Is h prime?
False
Let t = -467 + 453. Let j(l) = 30*l**2 - 34*l - 15. Is j(t) a prime number?
False
Is 1319805 + (25 - (10 - 7)) a prime number?
False
Let l = -11883 - -18160. Suppose l = 13*y - 2329. Is y a composite number?
True
Let o(h) be the second derivative of 13*h**4/12 - 5*h**3/6 + 5*h**2/2 + 7*h. Let g be (1 + 1)/(3/(-12)). Is o(g) a composite number?
False
Suppose 0 = -5*s - 5*w + 2*w + 16, 3*s - w = 4. Let t be (-364)/(-65) + s/5. Suppose t*v = 371 - 17. Is v prime?
True
Is (-70)/(-22) - (-4)/(-22) - (-137642 + -12) a composite number?
True
Let m = -49209 + 102078. Is m composite?
True
Let w = 551 + -547. Is -40398*(2 + -1)*(-2)/w a prime number?
False
Let m(t) = t + 14. Let k be m(-6). Let i be -5 + 0/2 + k. Suppose 5709 = 3*n - i*y, -4*n - 4*y + 339 = -7257. Is n a prime number?
True
Let z be (1984/(-40) - -9)*-85. Let c = z - 930. Is c a composite number?
False
Let r be (-120)/(-80) - (-20255)/2. Is r/(3/(4 - (-1 + 2))) a composite number?
True
Let a = -84 - -86. Suppose 9 = -d + a*f + 5, -3 = -f. Suppose 3*v = 5*y - 2*v - 5530, d*v - 5565 = -5*y. Is y a prime number?
False
Suppose 65*i = 68*i + 9. Let g = i + 68. Is g a composite number?
True
Let y(x) = 12*x - 20. Let j be y(13). Suppose -2*a = -4*c + j, 8 = -2*c - 5*a + 64. Is c/11 + (380 - 2) + 0 prime?
False
Let a(v) = -2*v**3 + 8*v**2 + 2*v + 2. Let w(b) = -b**3 - 12*b**2 + b + 16. Suppose 0 = -75*h + 76*h + 12. Let l be w(h). Is a(l) prime?
False
Suppose -184981 = -6*v + 399401. Is v a composite number?
False
Let i be 4/1*(-3)/(-6). Suppose 6711 = u + 4*c, -i*c + 29166 = 5*u - 4389. Is u composite?
True
Let t(l) = -4*l**2 + 72733. Let i be t(0). Suppose -23*s = -i - 38656. Is s prime?
False
Suppose -5*s = -4*i + 5716, 0 = -i + 3*i - 2*s - 2858. Suppose -5*r - 471 = -4*r - o, -o - i = 3*r. Let n = r + 726. Is n composite?
False
Let b be 990/(-135)*6/(-11). Suppose -751 = b*l - 9699. Is l composite?
False
Let k(a) = -404*a**2 + 5*a - 7. Let s(u) = -405*u**2 + 5*u - 11. Let l(x) = -4*k(x) + 3*s(x). Is l(-6) a composite number?
False
Let h = 54 + -54. Suppose -4*b = 3*z - 10451, h*b + z = -5*b + 13050. Is b prime?
True
Let p = 114 - 138. Is (-1)/((16/p)/((-4244)/(-6))) a prime number?
True
Let o be (-48)/(-12)*2/4. Suppose 0 = 4*t - 2*n - 1544 - 1260, o*t + 2*n = 1402. Is t a composite number?
False
Suppose 0 = 6*j + 258 - 570. Suppose 37*y + 383025 = j*y. Is y prime?
False
Let k = 111 + 1